 + f + 363. What is the units digit of y?
2
Let x = 110 + -102. Let d be x + (0/3)/3. What is the tens digit of 666/8*d/3?
2
Let m = 898 - 460. What is the hundreds digit of (-1 + 3)*(1 - m/(-4))?
2
Suppose 30*t - 3357 = 21*t. What is the tens digit of t + -21 - (-1 - -1)?
5
Suppose 0 = -223*l + 212*l - 4334. Let g = l + 917. What is the hundreds digit of g?
5
Let v(i) be the first derivative of 2*i**3/3 + 7*i**2 - 22*i - 8. What is the hundreds digit of v(8)?
2
Suppose 12*d - 21*d + 30 = -4*d. Suppose 24 = -3*k + 1146. Suppose k = d*n - 154. What is the tens digit of n?
8
Let d be (63/(-14) + 7)/(2/3516). Let z = -3034 + d. What is the hundreds digit of z?
3
Let h = -150 + 72. Let k be (3 + -7)*((-885)/20 - 6). Let l = h + k. What is the hundreds digit of l?
1
Let v = -15 + 7. Let p be 30/9*(-612)/v. Suppose -15*b = -20*b + p. What is the tens digit of b?
5
Let t(x) = 32556*x + 386. What is the thousands digit of t(2)?
5
What is the units digit of (7892/(-6))/((-768)/(-4320) - 4/18)?
5
Suppose 0 = 6*n - 4*n - 4. Suppose z - 5*q - 337 = -9*q, n*q - 686 = -2*z. What is the units digit of z?
5
Let o(h) = 13*h**2 + 4*h + 1. Let j be o(3). Let f = j + -104. What is the units digit of f?
6
Let k = 49 + -16. Suppose 0 = f - 22 - k. Suppose 2*h + 5*p = -0*p + 85, 0 = -2*h + 5*p + f. What is the tens digit of h?
3
Suppose 0 = -2*t - 0 + 6. Suppose -4*b - 345 = -5*o + 41, -t*o + 230 = -4*b. Let j = -28 + o. What is the units digit of j?
0
Suppose -8*a + 7*a = -135. Suppose -a = -5*s + 40. What is the units digit of ((-190)/s + 4)*-35?
0
Suppose 1281211 = 131*t - 1694585. What is the thousands digit of t?
2
Let p(j) = j**3 - 13*j**2 + 20*j + 24. Let u be p(11). Let k be u - -1*(0 - 4). What is the tens digit of (8/(-6))/(k + 113/57)?
7
Let s(q) = 5*q**2 - 18*q + 134. Suppose 2*i = -2*i, -20 = -2*c - i. What is the units digit of s(c)?
4
Let z(v) = -3*v**3 - 77*v + 156*v - 86*v - 4*v**2 - 7 + 0*v**3. What is the units digit of z(-6)?
9
Suppose -4*h - h = 5*r - 20, 2*r = 5*h - 6. Let o be (-135)/(-2) + r/4. What is the tens digit of -3 + (-1)/(8/o)*-10?
8
Let s(u) = 3169*u**2 - 10*u - 2. What is the tens digit of s(-1)?
7
Let l be (-6)/(-15) - 8*2/(-10). Suppose l*i = -5*i + 49. What is the units digit of 34*1*i*1/2?
9
Let m(u) = -2*u**3 - 34*u**2 + 23*u - 31. Suppose -8*a + 19*a + 209 = 0. What is the hundreds digit of m(a)?
9
Suppose 0*m - m + 8643 = 0. What is the hundreds digit of m?
6
Let d = 110 - 108. Let o(t) = -32 + 2*t**d + 6 - 8*t - t. What is the units digit of o(13)?
5
Let m = -104 + 106. Let s(p) = 20*p - 3. Let o be s(-3). What is the units digit of -1*(o + m - -1)?
0
Let q(i) = -37*i**3 - 19*i**2 - 153*i - 23. What is the tens digit of q(-7)?
0
Suppose q = -5*l + 27106, -4*q - 25*l + 108441 = -22*l. What is the units digit of q?
1
Let j = 86 - 70. Let k(f) = 8*f + 20. What is the hundreds digit of k(j)?
1
Suppose 33*c - 1199040 = -114*c - 45*c. What is the units digit of c?
5
Let j(l) = -90*l**2 - 4*l - 5. Let s be j(-1). Let c = s + 144. What is the tens digit of c?
5
Let p(r) = -31 + 5*r - 25 + 7. Let s = 4287 - 4268. What is the units digit of p(s)?
6
Let a = -653 - -1396. Suppose -228 = -f + a. What is the units digit of f?
1
Let s(a) = 29*a**2 - 4*a + 19. Let d be s(5). Let j = -493 + d. What is the units digit of j?
1
Suppose 0 = r + 2*g - 14040, -5*r - 38*g + 70164 = -40*g. What is the tens digit of r?
3
Let v(u) = 2*u + 0*u + 6 - 5*u - u + 65*u**2 + 19. What is the units digit of v(3)?
8
Let p(q) = -38*q**2 - 4*q - 1. Let g(r) = -39*r**2 - 5*r - 1. Let i(d) = 4*g(d) - 5*p(d). Let t = 1364 - 1363. What is the units digit of i(t)?
5
Let y(m) = 200*m**3 + 4*m**2 - 28*m + 121. What is the units digit of y(4)?
3
Let a(l) = -22*l**3 - l**2 - 10*l + 1. Suppose -13*r - 26 - 26 = 0. What is the tens digit of a(r)?
3
Suppose -5*p + 3788 = 2*v, -7*p - 3*v = -3*p - 3029. Suppose i = 5*i + 2*q - 1500, -p = -2*i + 3*q. What is the tens digit of i?
7
Let z(a) = -10*a**3 + a**2 - 2*a + 2. Let c be z(-2). Let k = c + 807. What is the tens digit of k?
9
Suppose -2*q - 7 = -1, 5*a = 2*q - 4. What is the units digit of a*-3*(-2392)/(-48)?
9
Let f = 143 + -141. Suppose f*n = -q + 45, -n - 42 = -q - 3. What is the units digit of q?
1
Suppose -7*n = -1 - 6. Suppose 2*m + 4*y - 1346 = 0, 0 = -5*y + 16 - n. What is the units digit of m?
7
What is the tens digit of (34/5)/(264/997260)?
8
Suppose 137 = q + 4*a, -950 = -4*q + 3*a - 326. Suppose q = 3*b - 672. Suppose -2*h = 109 - b. What is the units digit of h?
3
Suppose -8*a - 14 = -10*a. Suppose -d + 144 = -a*d. What is the tens digit of d*((-2)/4 - 1/1)?
3
Suppose 99820 = 7*x - 24150. Suppose 16*a - 39*a = -x. What is the units digit of a?
0
Let g(r) = -2*r + 12*r + 4*r - 3*r - 4. Suppose 2*f - 5*f + 12 = 0. What is the tens digit of g(f)?
4
Suppose 5*a - 4*n - 11 = 0, 35*n - 34*n = a - 2. Suppose a*u + 758 - 234 = 5*f, 4*u = 3*f - 321. What is the hundreds digit of f?
1
Suppose 4*w + 49 - 17 = 0. What is the units digit of 6/(-4) + (-28)/w + 1248?
0
What is the tens digit of (-1)/15 - -22*(-32302)/(-60)?
4
Suppose 8*o - 7*o + 6021 = a, 6021 = a + 5*o. What is the tens digit of a?
2
Suppose -i - 4 = -0*h - h, h - 1 = -2*i. Suppose -8*t + h*t = 3*y - 1828, -2*t = -y + 602. What is the tens digit of y?
0
Let k(z) = 2*z**3 - 3*z**2 + 9*z - 12. Let r be k(2). Let m(j) = 105*j - 287. What is the hundreds digit of m(r)?
7
Suppose -21 = -5*c - 2*c. Suppose -6*l - 6 = -c*l. Let v(i) = 23*i**2 - 3*i - 3. What is the tens digit of v(l)?
9
Suppose -5*i - 2*m + 92811 = 0, 2*m - 63761 = -3*i - 8072. What is the units digit of i?
1
Let h(w) = -w**2 + 7*w + 70. Let o be h(15). Let r = o + 60. What is the tens digit of r?
1
Let r(b) = -1183*b - 194. What is the thousands digit of r(-6)?
6
Let p(x) = 222*x**3 - 401*x**2 - 4*x + 9. What is the units digit of p(6)?
1
Let b = 41837 + -22861. What is the thousands digit of b?
8
Let h = 242 - 246. What is the units digit of -1589*(-2)/((-11)/(22/h))?
9
Suppose -10*c = -6*c - 88. Suppose -2050 = -27*y + c*y. What is the hundreds digit of y?
4
Suppose 2*g = -5*k + 11 + 10, 0 = -5*g + 3*k - 25. What is the hundreds digit of 765/3 - g - -3?
2
Let w be 25 - (0 - (0 - -2)). Suppose -5*v = -8*v - w. What is the tens digit of (-1)/(3/v) - -77?
8
Suppose 465*l - 128730 = 444*l. What is the units digit of l?
0
Suppose -14703*m = -14671*m - 1239808. What is the hundreds digit of m?
7
Let k be (-4)/(-1) - (-3 + 7). Suppose -4*d + k*l + 2208 = 4*l, l + 560 = d. Let q = d - 336. What is the units digit of q?
0
Let w(m) = 2*m. Let r be w(1). Let j(u) = -r - 7*u + 25*u + 4 - 5. What is the units digit of j(5)?
7
Let r = 17073 + 35893. What is the thousands digit of r?
2
Let r(v) = 9*v - 27. Let j be r(5). Let d(a) = 19 + j*a - 11 + 2. What is the hundreds digit of d(7)?
1
Let y = -1106 + 4962. What is the units digit of y?
6
Suppose -k + d + 4*d + 5804 = 0, -k - 5*d = -5844. What is the tens digit of (2 - -1)*k/42?
1
Suppose -4*y = 4, -y - 101 = -2*z + 4*z. Let f = 53 + z. Suppose -4*o = f*c - 653, 8 = -9*o + 13*o. What is the units digit of c?
5
Let r be -3 - ((-6)/(-15) + 137/(-5)). What is the tens digit of 524*6*4/r?
2
What is the tens digit of ((-115920)/108)/(1/(-3))?
2
Let q(n) = 2*n**3 + 2*n**2 + 11*n - 74. What is the units digit of q(7)?
7
What is the units digit of (-1)/1 + (4685 - -5) + 7?
6
Let b(j) be the second derivative of 1/20*j**5 + 0 - 1/6*j**3 + 5/6*j**4 - 26*j + 3/2*j**2. What is the tens digit of b(-9)?
9
What is the hundreds digit of (468/24)/((-10)/(-1900))?
7
Let y = 13129 - -27466. What is the hundreds digit of y?
5
Suppose 0 = 5*q + 8*o - 7*o - 975, 955 = 5*q + 5*o. What is the units digit of q?
6
Let r(f) = -3 - 1 + 4*f - 17 - 5. Let u be r(15). Let z = u - 33. What is the units digit of z?
1
Suppose 0 = -m - 1, 0*m + 5*m + 140 = 5*v. Suppose -2*k + v = k. What is the tens digit of 15/k - 1 - (-410)/6?
6
Let x be 4 + (-1*(-5 + 2) - 2). Let h be x/(-2)*96/(-15). What is the tens digit of (-142)/(-2) + 0*(-4)/h?
7
Let i(o) = -10*o - 97. Let k be i(-15). Suppose 2367 = -50*c + k*c. What is the hundreds digit of c?
7
Suppose -6*p - 20836 = -7*p + 4642. What is the units digit of p?
8
What is the hundreds digit of 4 + (-2 - -1) + (11 - 2108/(-17))?
1
Suppose -11*c